66
What is 1 (base 16) in base 14?
1
What is 11 (base 14) in base 9?
16
What is 111 (base 3) in base 15?
d
What is 32 (base 15) in base 4?
233
Convert 2 (base 11) to base 9.
2
Convert -121 (base 5) to base 10.
-36
Convert -6b (base 13) to base 14.
-65
Convert 170 (base 9) to base 8.
220
What is -46 (base 11) in base 12?
-42
Convert 146 (base 8) to base 11.
93
Convert -1040 (base 5) to base 14.
-a5
Convert 6 (base 15) to base 14.
6
0 (base 3) to base 13
0
What is 1 (base 5) in base 12?
1
What is 42 (base 8) in base 5?
114
Convert -40 (base 6) to base 4.
-120
4 (base 8) to base 3
11
What is -3 (base 8) in base 3?
-10
What is -169 (base 14) in base 7?
-562
Convert 331 (base 6) to base 12.
a7
What is 10 (base 7) in base 2?
111
250 (base 7) to base 10
133
What is 5 (base 15) in base 3?
12
Convert -7 (base 15) to base 16.
-7
7 (base 15) to base 13
7
Convert -7 (base 13) to base 11.
-7
Convert -4 (base 11) to base 10.
-4
2010 (base 3) to base 6
133
-6 (base 16) to base 5
-11
What is 465 (base 8) in base 10?
309
What is 53 (base 16) in base 3?
10002
-211 (base 5) to base 15
-3b
What is -43 (base 5) in base 16?
-17
Convert -70 (base 15) to base 10.
-105
-1 (base 6) to base 11
-1
-178 (base 10) to base 15
-bd
Convert -4 (base 16) to base 6.
-4
Convert -1100101 (base 2) to base 8.
-145
Convert 1 (base 15) to base 11.
1
11 (base 3) to base 15
4
What is 144 (base 5) in base 14?
37
Convert 1222 (base 3) to base 10.
53
What is -10 (base 11) in base 4?
-23
Convert -109 (base 12) to base 4.
-2121
-41 (base 7) to base 13
-23
Convert -5 (base 12) to base 7.
-5
Convert 2022 (base 3) to base 2.
111110
Convert -11100100 (base 2) to base 7.
-444
2 (base 16) to base 12
2
Convert 21 (base 3) to base 8.
7
-4 (base 10) to base 8
-4
What is 19 (base 15) in base 5?
44
What is 241 (base 9) in base 3?
21101
-32 (base 9) to base 12
-25
What is -1002 (base 3) in base 7?
-41
Convert -d (base 15) to base 7.
-16
What is -11 (base 15) in base 11?
-15
What is -141 (base 10) in base 15?
-96
What is 404 (base 5) in base 4?
1220
What is -32 (base 5) in base 11?
-16
What is bb (base 15) in base 4?
2300
-21 (base 13) to base 6
-43
What is -4 (base 9) in base 3?
-11
Convert 120 (base 5) to base 15.
25
What is -66 (base 7) in base 16?
-30
Convert 3 (base 5) to base 3.
10
Convert -d2 (base 14) to base 11.
-158
-3 (base 6) to base 9
-3
What is 521 (base 6) in base 5?
1233
What is -1 (base 9) in base 10?
-1
-110 (base 2) to base 8
-6
Convert -8 (base 14) to base 3.
-22
2002 (base 3) to base 5
211
Convert 44 (base 9) to base 2.
101000
-3c (base 16) to base 15
-40
What is -4 (base 9) in base 11?
-4
Convert -12 (base 5) to base 2.
-111
What is 3 (base 10) in base 2?
11
1d (base 15) to base 9
31
11100 (base 2) to base 6
44
What is -14 (base 13) in base 2?
-10001
What is 91 (base 11) in base 16?
64
133 (base 4) to base 6
51
Convert 1 (base 11) to base 5.
1
Convert cc (base 13) to base 5.
1133
What is -10 (base 2) in base 12?
-2
-5 (base 7) to base 4
-11
What is -13 (base 12) in base 4?
-33
6 (base 11) to base 10
6
Convert 203 (base 4) to base 8.
43
What is 12 (base 13) in base 2?
1111
Convert 43 (base 5) to base 15.
18
Convert 6 (base 11) to base 8.
6
What is -10 (base 3) in base 13?
-3
Convert 46 (base 7) to base 9.
37
Convert 11 (base 10) to base 11.
10
Convert -56 (base 12) to base 14.
-4a
What is -8 (base 9) in base 15?
-8
Convert 5 (base 16) to base 3.
12
108 (base 11) to base 15
89
2 (base 3) to base 16
2
What is 103 (base 5) in base 12?
24
What is 8 (base 9) in base 8?
10
Convert -4 (base 15) to base 9.
-4
What is -3 (base 7) in base 15?
-3
What is -4 (base 14) in base 7?
-4
-22 (base 15) to base 14
-24
Convert -18 (base 15) to base 9.
-25
Convert -37 (base 16) to base 4.
-313
Convert 1022 (base 3) to base 15.
25
123 (base 7) to base 3
2110
15 (base 7) to base 12
10
-1140 (base 5) to base 9
-208
What is -58 (base 9) in base 11?
-49
Convert -3 (base 16) to base 5.
-3
What is 2 (base 15) in base 9?
2
Convert 5 (base 10) to base 14.
5
0 (base 10) to base 13
0
111 (base 6) to base 3
1121
-22c (base 13) to base 5
-3001
What is -10 (base 7) in base 12?
-7
Convert 1253 (base 6) to base 4.
11001
What is -243 (base 6) in base 13?
-78
Convert -9a (base 16) to base 10.
-154
What is 12 (base 4) in base 8?
6
What is -1 (base 11) in base 15?
-1
-101 (base 5) to base 16
-1a
What is 58 (base 11) in base 3?
2100
13 (base 11) to base 12
12
What is -11 (base 8) in base 9?
-10
What is 52 (base 14) in base 4?
1020
Convert 10001 (base 3) to base 6.
214
What is -4 (base 15) in base 11?
-4
What is -8 (base 14) in base 3?
-22
Convert 2 (base 4) to base 15.
2
What is b (base 12) in base 10?
11
What is -4 (base 12) in base 13?
-4
2 (base 9) to base 15
2
Convert 1 (base 8) to base 12.
1
What is 1011 (base 3) in base 6?
51
Convert 3 (base 13) to base 14.
3
-1 (base 3) to base 5
-1
0 (base 8) to base 3
0
-5 (base 11) to base 14
-5
-20 (base 3) to base 8
-6
What is 3 (base 7) in base 6?
3
-1 (base 16) to base 3
-1
-5 (base 13) to base 15
-5
Convert -33 (base 7) to base 9.
-26
What is -5 (base 15) in base 14?
-5
1 (base 14) to base 8
1
-2 (base 14) to base 16
-2
46 (base 11) to base 7
101
What is 48 (base 11) in base 2?
110100
-11 (base 10) to base 4
-23
Convert -141 (base 6) to base 10.
-61
What is -23 (base 4) in base 6?
-15
-445 (base 6) to base 5
-1143
What is -122 (base 3) in base 5?
-32
-2 (base 8) to base 5
-2
-11 (base 4) to base 6
-5
Convert -11 (base 4) to base 14.
-5
What is -2 (base 16) in base 8?
-2
0 (base 10) to base 13
0
Convert 0 (base 16) to base 15.
0
Convert 16 (base 7) to base 14.
d
-1 (base 16) to base 6
-1
Convert -1120 (base 3) to base 13.
-33
Convert 2c (base 14) to base 11.
37
What is 1a5 (base 11) in base 4?
3230
Convert -16 (base 16) to base 14.
-18
121 (base 3) to base 8
20
Convert 10 (base 5) to base 10.
5
-19 (base 10) to base 12
-17
8 (base 14) to base 13
8
-1122 (base 3) to base 14
-32
Convert 102112 (base 3) to base 2.
100110111
1f (base 16) to base 15
21
Convert -140 (base 8) to base 2.
-1100000
What is 3 (base 15) in base 12?
3
Convert -4 (base 6) to base 13.
-4
Convert 1254 (base 6) to base 10.
322
Convert -23 (base 10) to base 8.
-27
Convert -81 (base 13) to base 5.
-410
-46 (base 12) to base 14
-3c
1a (base 13) to base 4
113
-60 (base 10) to base 7
-114
-22 (base 12) to base 8
-32
Convert -1 (base 11) to base 6.
-1
What is 26 (base 10) in base 16?
1a
-3 (base 4) to base 3
-10
Convert 2 (base 3) to base 14.
2
-70 (base 13) to base 3
-10101
What is 332 (base 4) in base 15?
42
Convert 13 (base 11) to base 4.
32
-52 (base 12) to base 14
-46
-4 (base 14) to base 8
-4
What is -1 (base 12) in base 4?
-1
11 (base 5) to base 10
6
41 (base 5) to base 16
15
What is 26 (base 7) in base 10?
20
Convert -100110 (base 2) to base 5.
-123
What is 1 (base 7) in base 8?
1
Convert -6 (base 13) to base 9.
-6
-1100 (base 2) to base 13
-c
Convert 122 (base 6) to base 14.
38
Convert 1 (base 4) to base 9.
1
What is -51 (base 7) in base 2?
-100100
22 (base 4) to base 12
a
2 (base 4) to base 5
2
24 (base 13) to base 15
20
What is -13 (base 12) in base 11?
-14
What is e (base 16) in base 13?
11
What is -43 (base 9) in base 12?
-33
Convert 32 (base 7) to base 3.
212
Convert -a (base 13) to base 4.
-22
Convert 27 (base 16) to base 3.
1110
What is -43 (base 9) in base 7?
-54
What is -100110 (base 2) in base 11?
-35
What is 77 (base 15) in base 3?
11011
What is -10 (base 3) in base 5?
-3
What is 25 (base 9) in base 12?
1b
53 (base 13) to base 2
1000100
What is -13 (base 7) in base 10?
-10
What is -235 (base 7) in base 11?
-103
-112 (base 8) to base 13
-59
Convert -3 (base 11) to base 13.
-3
Convert -41 (base 13) to base 2.
-110101
What is -213 (base 7) in base 12?
-90
22 (base 10) to base 12
1a
What is -76 (base 12) in base 13?
-6c
Convert -2 (base 10) to base 9.
-2
77 (base 12) to base 11
83
What is -1000111 (base 2) in base 5?
-241
-6 (base 8) to base 15
-6
10001 (base 2) to base 12
15
What is 1 (base 2) in base 14?
1
Convert 171 (base 10) to base 16.
ab
-110 (base 2) to base 6
-10
21 (base 9) to base 4
103
1 (base 9) to base 13
1
Convert -3222 (base 4) to base 2.
-11101010
Convert 11 (base 10) to base 5.
21
What is -d7 (base 16) in base 11?
-186
-1 (base 5) to base 11
-1
What is 0 (base 8) in base 2?
0
-36